{"id":2,"date":"2019-01-31T11:54:08","date_gmt":"2019-01-31T13:54:08","guid":{"rendered":"https:\/\/sites.unipampa.edu.br\/celalegrete\/?page_id=2"},"modified":"2020-11-23T11:02:18","modified_gmt":"2020-11-23T14:02:18","slug":"apresentacao","status":"publish","type":"page","link":"https:\/\/sites.unipampa.edu.br\/celalegrete\/?page_id=2","title":{"rendered":"Apresenta\u00e7\u00e3o"},"content":{"rendered":"<p>Ol\u00e1,<\/p>\n<p>este site serve como um <em>mural digital<\/em> da Comiss\u00e3o Eleitoral Local (CEL) do Campus Alegrete da Unipampa.\u00a0Aqui ser\u00e3o publicados informes sobre as elei\u00e7\u00f5es realizadas no campus.\u00a0Voc\u00ea tamb\u00e9m pode consultar nosso <em>mural f\u00edsico<\/em>, que est\u00e1 localizado no corredor t\u00e9rreo do Pr\u00e9dio 1.<\/p>\n<p>Informa\u00e7\u00f5es est\u00e1ticas sobre a Comiss\u00e3o podem ser encontradas <a href=\"http:\/\/unipampa.edu.br\/alegrete\/comissao-eleitoral-local\">aqui<\/a>.<\/p>\n<p>Entre em contato:<br \/>\n\n<div class=\"wpcf7 no-js\" id=\"wpcf7-f17-o1\" lang=\"pt-BR\" dir=\"ltr\">\n<div class=\"screen-reader-response\"><p role=\"status\" aria-live=\"polite\" aria-atomic=\"true\"><\/p> <ul><\/ul><\/div>\n<form action=\"\/celalegrete\/index.php?rest_route=%2Fwp%2Fv2%2Fpages%2F2#wpcf7-f17-o1\" method=\"post\" class=\"wpcf7-form init\" aria-label=\"Formul\u00e1rios de contato\" novalidate=\"novalidate\" data-status=\"init\">\n<div style=\"display: none;\">\n<input type=\"hidden\" name=\"_wpcf7\" value=\"17\" \/>\n<input type=\"hidden\" name=\"_wpcf7_version\" value=\"5.8.7\" \/>\n<input type=\"hidden\" name=\"_wpcf7_locale\" value=\"pt_BR\" \/>\n<input type=\"hidden\" name=\"_wpcf7_unit_tag\" value=\"wpcf7-f17-o1\" \/>\n<input type=\"hidden\" name=\"_wpcf7_container_post\" value=\"0\" \/>\n<input type=\"hidden\" name=\"_wpcf7_posted_data_hash\" value=\"\" \/>\n<\/div>\n<p><label> Seu nome (obrigat\u00f3rio)<br \/>\n<span class=\"wpcf7-form-control-wrap\" data-name=\"your-name\"><input size=\"40\" class=\"wpcf7-form-control wpcf7-text wpcf7-validates-as-required\" aria-required=\"true\" aria-invalid=\"false\" value=\"\" type=\"text\" name=\"your-name\" \/><\/span> <\/label>\n<\/p>\n<p><label> Seu e-mail (obrigat\u00f3rio)<br \/>\n<span class=\"wpcf7-form-control-wrap\" data-name=\"your-email\"><input size=\"40\" class=\"wpcf7-form-control wpcf7-email wpcf7-validates-as-required wpcf7-text wpcf7-validates-as-email\" aria-required=\"true\" aria-invalid=\"false\" value=\"\" type=\"email\" name=\"your-email\" \/><\/span> <\/label>\n<\/p>\n<p><label> Assunto<br \/>\n<span class=\"wpcf7-form-control-wrap\" data-name=\"your-subject\"><input size=\"40\" class=\"wpcf7-form-control wpcf7-text\" aria-invalid=\"false\" value=\"\" type=\"text\" name=\"your-subject\" \/><\/span> <\/label>\n<\/p>\n<p><label> Sua mensagem<br \/>\n<span class=\"wpcf7-form-control-wrap\" data-name=\"your-message\"><textarea cols=\"40\" rows=\"10\" class=\"wpcf7-form-control wpcf7-textarea\" aria-invalid=\"false\" name=\"your-message\"><\/textarea><\/span> <\/label>\n<\/p>\n<p><input class=\"wpcf7-form-control wpcf7-submit has-spinner\" type=\"submit\" value=\"Enviar\" \/>\n<\/p><div class=\"wpcf7-response-output\" aria-hidden=\"true\"><\/div>\n<\/form>\n<\/div>\n<\/p>\n","protected":false},"excerpt":{"rendered":"<p>Ol\u00e1, este site serve como um mural digital da Comiss\u00e3o Eleitoral Local (CEL) do Campus Alegrete da Unipampa.\u00a0Aqui ser\u00e3o publicados informes sobre as elei\u00e7\u00f5es realizadas no campus.\u00a0Voc\u00ea tamb\u00e9m pode consultar nosso mural f\u00edsico, que est\u00e1 localizado no corredor t\u00e9rreo do Pr\u00e9dio 1. Informa\u00e7\u00f5es est\u00e1ticas sobre a Comiss\u00e3o podem ser encontradas aqui. Entre em contato:<\/p>\n","protected":false},"author":1,"featured_media":0,"parent":0,"menu_order":0,"comment_status":"closed","ping_status":"open","template":"","meta":[],"_links":{"self":[{"href":"https:\/\/sites.unipampa.edu.br\/celalegrete\/index.php?rest_route=\/wp\/v2\/pages\/2"}],"collection":[{"href":"https:\/\/sites.unipampa.edu.br\/celalegrete\/index.php?rest_route=\/wp\/v2\/pages"}],"about":[{"href":"https:\/\/sites.unipampa.edu.br\/celalegrete\/index.php?rest_route=\/wp\/v2\/types\/page"}],"author":[{"embeddable":true,"href":"https:\/\/sites.unipampa.edu.br\/celalegrete\/index.php?rest_route=\/wp\/v2\/users\/1"}],"replies":[{"embeddable":true,"href":"https:\/\/sites.unipampa.edu.br\/celalegrete\/index.php?rest_route=%2Fwp%2Fv2%2Fcomments&post=2"}],"version-history":[{"count":9,"href":"https:\/\/sites.unipampa.edu.br\/celalegrete\/index.php?rest_route=\/wp\/v2\/pages\/2\/revisions"}],"predecessor-version":[{"id":41,"href":"https:\/\/sites.unipampa.edu.br\/celalegrete\/index.php?rest_route=\/wp\/v2\/pages\/2\/revisions\/41"}],"wp:attachment":[{"href":"https:\/\/sites.unipampa.edu.br\/celalegrete\/index.php?rest_route=%2Fwp%2Fv2%2Fmedia&parent=2"}],"curies":[{"name":"wp","href":"https:\/\/api.w.org\/{rel}","templated":true}]}}