{"id":63,"date":"2024-08-12T09:12:32","date_gmt":"2024-08-12T12:12:32","guid":{"rendered":"https:\/\/sites.unipampa.edu.br\/celalegrete\/?page_id=63"},"modified":"2024-08-12T15:57:05","modified_gmt":"2024-08-12T18:57:05","slug":"eleicoes","status":"publish","type":"page","link":"https:\/\/sites.unipampa.edu.br\/celalegrete\/?page_id=63","title":{"rendered":"Cargos &amp; Elei\u00e7\u00f5es"},"content":{"rendered":"<table style=\"width: 614px;height: 1763px\" width=\"849\">\n<tbody>\n<tr style=\"height: 18px\">\n<td style=\"width: 715px;height: 18px\" colspan=\"7\">DISCENTES<\/td>\n<\/tr>\n<tr style=\"height: 54px\">\n<td style=\"width: 260px;height: 54px\">Conselho\/Comiss\u00e3o\/Comit\u00ea<\/td>\n<td style=\"width: 37px;height: 54px\">Vagas<\/td>\n<td style=\"width: 56px;height: 54px\">Mandato em ano(s)<\/td>\n<td style=\"width: 45px;height: 54px\">Elei\u00e7\u00e3o em ano par?<\/td>\n<td style=\"width: 45px;height: 54px\">Elei\u00e7\u00e3o em ano \u00edmpar?<\/td>\n<td style=\"width: 96px;height: 54px\">Fonte\u00a0\u00a0\u00a0\u00a0\u00a0\u00a0\u00a0\u00a0\u00a0\u00a0\u00a0\u00a0\u00a0\u00a0\u00a0\u00a0\u00a0\u00a0\u00a0\u00a0\u00a0\u00a0 (Artigo &#8211; Resolu\u00e7\u00e3o)<\/td>\n<td style=\"width: 74px;height: 54px\">Tipo de candidatura<\/td>\n<\/tr>\n<tr style=\"height: 36px\">\n<td style=\"width: 260px;height: 36px\">Conselho do Campus<\/td>\n<td style=\"width: 37px;height: 36px\">2<\/td>\n<td style=\"width: 56px;height: 36px\">1<\/td>\n<td style=\"width: 45px;height: 36px\">Sim<\/td>\n<td style=\"width: 45px;height: 36px\">Sim<\/td>\n<td style=\"width: 96px;height: 36px\">Art. 68 \u2013 Res. 5\/2010<\/td>\n<td style=\"width: 74px;height: 36px\">Individual<\/td>\n<\/tr>\n<tr style=\"height: 36px\">\n<td style=\"width: 260px;height: 36px\">Comiss\u00e3o Local de Ensino (CLE)<\/td>\n<td style=\"width: 37px;height: 36px\">1<\/td>\n<td style=\"width: 56px;height: 36px\">1<\/td>\n<td style=\"width: 45px;height: 36px\">Sim<\/td>\n<td style=\"width: 45px;height: 36px\">Sim<\/td>\n<td style=\"width: 96px;height: 36px\">Art. 85 \u2013 Res. 5\/2010<\/td>\n<td style=\"width: 74px;height: 36px\">Individual<\/td>\n<\/tr>\n<tr style=\"height: 36px\">\n<td style=\"width: 260px;height: 36px\">Comiss\u00e3o Local de Pesquisa (CLP)<\/td>\n<td style=\"width: 37px;height: 36px\">1<\/td>\n<td style=\"width: 56px;height: 36px\">1<\/td>\n<td style=\"width: 45px;height: 36px\">Sim<\/td>\n<td style=\"width: 45px;height: 36px\">Sim<\/td>\n<td style=\"width: 96px;height: 36px\">Art. 90 \u2013 Res. 5\/2010<\/td>\n<td style=\"width: 74px;height: 36px\">Individual<\/td>\n<\/tr>\n<tr style=\"height: 36px\">\n<td style=\"width: 260px;height: 36px\">Comiss\u00e3o Local de Extens\u00e3o (CLExt)<\/td>\n<td style=\"width: 37px;height: 36px\">1<\/td>\n<td style=\"width: 56px;height: 36px\">1<\/td>\n<td style=\"width: 45px;height: 36px\">Sim<\/td>\n<td style=\"width: 45px;height: 36px\">Sim<\/td>\n<td style=\"width: 96px;height: 36px\">Art. 95 \u2013 Res. 5\/2010<\/td>\n<td style=\"width: 74px;height: 36px\">Individual<\/td>\n<\/tr>\n<tr style=\"height: 36px\">\n<td style=\"width: 260px;height: 36px\">Comiss\u00e3o de Curso &#8211; Ci\u00eancia da Computa\u00e7\u00e3o<\/td>\n<td style=\"width: 37px;height: 36px\">1<\/td>\n<td style=\"width: 56px;height: 36px\">1<\/td>\n<td style=\"width: 45px;height: 36px\">Sim<\/td>\n<td style=\"width: 45px;height: 36px\">Sim<\/td>\n<td style=\"width: 96px;height: 36px\">Art. 99 \u2013 Res. 5\/2010<\/td>\n<td style=\"width: 74px;height: 36px\">Individual<\/td>\n<\/tr>\n<tr style=\"height: 36px\">\n<td style=\"width: 260px;height: 36px\">Comiss\u00e3o de Curso &#8211; Eng. Agr\u00edcola<\/td>\n<td style=\"width: 37px;height: 36px\">1<\/td>\n<td style=\"width: 56px;height: 36px\">1<\/td>\n<td style=\"width: 45px;height: 36px\">Sim<\/td>\n<td style=\"width: 45px;height: 36px\">Sim<\/td>\n<td style=\"width: 96px;height: 36px\">Art. 99 \u2013 Res. 5\/2010<\/td>\n<td style=\"width: 74px;height: 36px\">Individual<\/td>\n<\/tr>\n<tr style=\"height: 36px\">\n<td style=\"width: 260px;height: 36px\">Comiss\u00e3o de Curso &#8211; Eng. Civil<\/td>\n<td style=\"width: 37px;height: 36px\">1<\/td>\n<td style=\"width: 56px;height: 36px\">1<\/td>\n<td style=\"width: 45px;height: 36px\">Sim<\/td>\n<td style=\"width: 45px;height: 36px\">Sim<\/td>\n<td style=\"width: 96px;height: 36px\">Art. 99 \u2013 Res. 5\/2010<\/td>\n<td style=\"width: 74px;height: 36px\">Individual<\/td>\n<\/tr>\n<tr style=\"height: 36px\">\n<td style=\"width: 260px;height: 36px\">Comiss\u00e3o de Curso &#8211; Eng. El\u00e9trica<\/td>\n<td style=\"width: 37px;height: 36px\">1<\/td>\n<td style=\"width: 56px;height: 36px\">1<\/td>\n<td style=\"width: 45px;height: 36px\">Sim<\/td>\n<td style=\"width: 45px;height: 36px\">Sim<\/td>\n<td style=\"width: 96px;height: 36px\">Art. 99 \u2013 Res. 5\/2010<\/td>\n<td style=\"width: 74px;height: 36px\">Individual<\/td>\n<\/tr>\n<tr style=\"height: 36px\">\n<td style=\"width: 260px;height: 36px\">Comiss\u00e3o de Curso &#8211; Eng. Mec\u00e2nica<\/td>\n<td style=\"width: 37px;height: 36px\">1<\/td>\n<td style=\"width: 56px;height: 36px\">1<\/td>\n<td style=\"width: 45px;height: 36px\">Sim<\/td>\n<td style=\"width: 45px;height: 36px\">Sim<\/td>\n<td style=\"width: 96px;height: 36px\">Art. 99 \u2013 Res. 5\/2010<\/td>\n<td style=\"width: 74px;height: 36px\">Individual<\/td>\n<\/tr>\n<tr style=\"height: 36px\">\n<td style=\"width: 260px;height: 36px\">Comiss\u00e3o de Curso &#8211; Eng. de\u00a0 \u00a0 \u00a0 \u00a0 \u00a0 \u00a0 \u00a0 Software<\/td>\n<td style=\"width: 37px;height: 36px\">1<\/td>\n<td style=\"width: 56px;height: 36px\">1<\/td>\n<td style=\"width: 45px;height: 36px\">Sim<\/td>\n<td style=\"width: 45px;height: 36px\">Sim<\/td>\n<td style=\"width: 96px;height: 36px\">Art. 99 \u2013 Res. 5\/2010<\/td>\n<td style=\"width: 74px;height: 36px\">Individual<\/td>\n<\/tr>\n<tr style=\"height: 36px\">\n<td style=\"width: 260px;height: 36px\">Comiss\u00e3o de Curso &#8211; Eng. de Telecomunica\u00e7\u00f5es<\/td>\n<td style=\"width: 37px;height: 36px\">1<\/td>\n<td style=\"width: 56px;height: 36px\">1<\/td>\n<td style=\"width: 45px;height: 36px\">Sim<\/td>\n<td style=\"width: 45px;height: 36px\">Sim<\/td>\n<td style=\"width: 96px;height: 36px\">Art. 99 \u2013 Res. 5\/2010<\/td>\n<td style=\"width: 74px;height: 36px\">Individual<\/td>\n<\/tr>\n<tr style=\"height: 19px\">\n<td style=\"width: 260px;height: 19px\">Conselho do Programa de\u00a0 \u00a0 \u00a0P\u00f3s-gradua\u00e7\u00e3o em Engenharia El\u00e9trica\u00a0 \u00a0 PPGEE<\/td>\n<td style=\"width: 37px;height: 19px\">1<\/td>\n<td style=\"width: 56px;height: 19px\"><\/td>\n<td style=\"width: 45px;height: 19px\"><\/td>\n<td style=\"width: 45px;height: 19px\"><\/td>\n<td style=\"width: 96px;height: 19px\"><\/td>\n<td style=\"width: 74px;height: 19px\">Individual<\/td>\n<\/tr>\n<tr style=\"height: 60px\">\n<td style=\"width: 260px;height: 60px\">Conselho do Programa de\u00a0 \u00a0 \u00a0P\u00f3s-gradua\u00e7\u00e3o em Engenharia de\u00a0 \u00a0 \u00a0 \u00a0 \u00a0 \u00a0 Software PPGES<\/td>\n<td style=\"width: 37px;height: 60px\">1<\/td>\n<td style=\"width: 56px;height: 60px\"><\/td>\n<td style=\"width: 45px;height: 60px\"><\/td>\n<td style=\"width: 45px;height: 60px\"><\/td>\n<td style=\"width: 96px;height: 60px\"><\/td>\n<td style=\"width: 74px;height: 60px\">Individual<\/td>\n<\/tr>\n<tr style=\"height: 61px\">\n<td style=\"width: 260px;height: 61px\">Conselho do Programa de\u00a0 \u00a0 \u00a0P\u00f3s-gradua\u00e7\u00e3o em Engenharia PPEng<\/td>\n<td style=\"width: 37px;height: 61px\">1<\/td>\n<td style=\"width: 56px;height: 61px\"><\/td>\n<td style=\"width: 45px;height: 61px\"><\/td>\n<td style=\"width: 45px;height: 61px\"><\/td>\n<td style=\"width: 96px;height: 61px\"><\/td>\n<td style=\"width: 74px;height: 61px\">Individual<\/td>\n<\/tr>\n<tr style=\"height: 18px\">\n<td style=\"width: 715px;height: 18px\" colspan=\"7\">TAES<\/td>\n<\/tr>\n<tr style=\"height: 54px\">\n<td style=\"width: 260px;height: 54px\">Conselho\/Comiss\u00e3o\/Comit\u00ea<\/td>\n<td style=\"width: 37px;height: 54px\">Vagas<\/td>\n<td style=\"width: 56px;height: 54px\">Mandato em ano(s)<\/td>\n<td style=\"width: 45px;height: 54px\">Elei\u00e7\u00e3o em ano par?<\/td>\n<td style=\"width: 45px;height: 54px\">Elei\u00e7\u00e3o em ano \u00edmpar?<\/td>\n<td style=\"width: 96px;height: 54px\">Fonte\u00a0\u00a0\u00a0\u00a0\u00a0\u00a0\u00a0\u00a0\u00a0\u00a0\u00a0\u00a0\u00a0\u00a0\u00a0\u00a0\u00a0\u00a0\u00a0\u00a0\u00a0\u00a0 (Artigo &#8211; Resolu\u00e7\u00e3o)<\/td>\n<td style=\"width: 74px;height: 54px\">Tipo de candidatura<\/td>\n<\/tr>\n<tr style=\"height: 36px\">\n<td style=\"width: 260px;height: 36px\">Conselho do Campus<\/td>\n<td style=\"width: 37px;height: 36px\">2<\/td>\n<td style=\"width: 56px;height: 36px\">1<\/td>\n<td style=\"width: 45px;height: 36px\">Sim<\/td>\n<td style=\"width: 45px;height: 36px\">Sim<\/td>\n<td style=\"width: 96px;height: 36px\">Art. 68 \u2013 Res. 5\/2010<\/td>\n<td style=\"width: 74px;height: 36px\">Individual<\/td>\n<\/tr>\n<tr style=\"height: 36px\">\n<td style=\"width: 260px;height: 36px\">Comiss\u00e3o Local de Ensino (CLE)<\/td>\n<td style=\"width: 37px;height: 36px\">1<\/td>\n<td style=\"width: 56px;height: 36px\">2<\/td>\n<td style=\"width: 45px;height: 36px\">Sim<\/td>\n<td style=\"width: 45px;height: 36px\">N\u00e3o<\/td>\n<td style=\"width: 96px;height: 36px\">Art. 85 \u2013 Res. 5\/2010<\/td>\n<td style=\"width: 74px;height: 36px\">Individual<\/td>\n<\/tr>\n<tr style=\"height: 36px\">\n<td style=\"width: 260px;height: 36px\">Comiss\u00e3o Local de Pesquisa (CLP)<\/td>\n<td style=\"width: 37px;height: 36px\">1<\/td>\n<td style=\"width: 56px;height: 36px\">2<\/td>\n<td style=\"width: 45px;height: 36px\">Sim<\/td>\n<td style=\"width: 45px;height: 36px\">N\u00e3o<\/td>\n<td style=\"width: 96px;height: 36px\">Art. 90 \u2013 Res. 5\/2010<\/td>\n<td style=\"width: 74px;height: 36px\">Individual<\/td>\n<\/tr>\n<tr style=\"height: 36px\">\n<td style=\"width: 260px;height: 36px\">Comiss\u00e3o Local de Extens\u00e3o (CLExt)<\/td>\n<td style=\"width: 37px;height: 36px\">1<\/td>\n<td style=\"width: 56px;height: 36px\">2<\/td>\n<td style=\"width: 45px;height: 36px\">Sim<\/td>\n<td style=\"width: 45px;height: 36px\">N\u00e3o<\/td>\n<td style=\"width: 96px;height: 36px\">Art. 95 \u2013 Res. 5\/2010<\/td>\n<td style=\"width: 74px;height: 36px\">Individual<\/td>\n<\/tr>\n<tr style=\"height: 36px\">\n<td style=\"width: 260px;height: 36px\">Comiss\u00e3o de Curso &#8211; Ci\u00eancia da Computa\u00e7\u00e3o<\/td>\n<td style=\"width: 37px;height: 36px\">1<\/td>\n<td style=\"width: 56px;height: 36px\">2<\/td>\n<td style=\"width: 45px;height: 36px\">Sim<\/td>\n<td style=\"width: 45px;height: 36px\">N\u00e3o<\/td>\n<td style=\"width: 96px;height: 36px\">Art. 99 \u2013 Res. 5\/2010<\/td>\n<td style=\"width: 74px;height: 36px\">Individual<\/td>\n<\/tr>\n<tr style=\"height: 36px\">\n<td style=\"width: 260px;height: 36px\">Comiss\u00e3o de Curso &#8211; Eng. Agr\u00edcola<\/td>\n<td style=\"width: 37px;height: 36px\">1<\/td>\n<td style=\"width: 56px;height: 36px\">2<\/td>\n<td style=\"width: 45px;height: 36px\">Sim<\/td>\n<td style=\"width: 45px;height: 36px\">N\u00e3o<\/td>\n<td style=\"width: 96px;height: 36px\">Art. 99 \u2013 Res. 5\/2010<\/td>\n<td style=\"width: 74px;height: 36px\">Individual<\/td>\n<\/tr>\n<tr style=\"height: 37px\">\n<td style=\"width: 260px;height: 37px\">Comiss\u00e3o de Curso &#8211; Eng. Civil<\/td>\n<td style=\"width: 37px;height: 37px\">1<\/td>\n<td style=\"width: 56px;height: 37px\">2<\/td>\n<td style=\"width: 45px;height: 37px\">Sim<\/td>\n<td style=\"width: 45px;height: 37px\">N\u00e3o<\/td>\n<td style=\"width: 96px;height: 37px\">Art. 99 \u2013 Res. 5\/2010<\/td>\n<td style=\"width: 74px;height: 37px\">Individual<\/td>\n<\/tr>\n<tr style=\"height: 37px\">\n<td style=\"width: 260px;height: 37px\">Comiss\u00e3o de Curso &#8211; Eng. El\u00e9trica<\/td>\n<td style=\"width: 37px;height: 37px\">1<\/td>\n<td style=\"width: 56px;height: 37px\">2<\/td>\n<td style=\"width: 45px;height: 37px\">Sim<\/td>\n<td style=\"width: 45px;height: 37px\">N\u00e3o<\/td>\n<td style=\"width: 96px;height: 37px\">Art. 99 \u2013 Res. 5\/2010<\/td>\n<td style=\"width: 74px;height: 37px\">Individual<\/td>\n<\/tr>\n<tr style=\"height: 37px\">\n<td style=\"width: 260px;height: 37px\">Comiss\u00e3o de Curso &#8211; Eng. Mec\u00e2nica<\/td>\n<td style=\"width: 37px;height: 37px\">1<\/td>\n<td style=\"width: 56px;height: 37px\">2<\/td>\n<td style=\"width: 45px;height: 37px\">Sim<\/td>\n<td style=\"width: 45px;height: 37px\">N\u00e3o<\/td>\n<td style=\"width: 96px;height: 37px\">Art. 99 \u2013 Res. 5\/2010<\/td>\n<td style=\"width: 74px;height: 37px\">Individual<\/td>\n<\/tr>\n<tr style=\"height: 37px\">\n<td style=\"width: 260px;height: 37px\">Comiss\u00e3o de Curso &#8211; Eng. de\u00a0 \u00a0 \u00a0 \u00a0 \u00a0 \u00a0 \u00a0 Software<\/td>\n<td style=\"width: 37px;height: 37px\">1<\/td>\n<td style=\"width: 56px;height: 37px\">2<\/td>\n<td style=\"width: 45px;height: 37px\">Sim<\/td>\n<td style=\"width: 45px;height: 37px\">N\u00e3o<\/td>\n<td style=\"width: 96px;height: 37px\">Art. 99 \u2013 Res. 5\/2010<\/td>\n<td style=\"width: 74px;height: 37px\">Individual<\/td>\n<\/tr>\n<tr style=\"height: 37px\">\n<td style=\"width: 260px;height: 37px\">Comiss\u00e3o de Curso &#8211; Eng. de Telecomunica\u00e7\u00f5es<\/td>\n<td style=\"width: 37px;height: 37px\">1<\/td>\n<td style=\"width: 56px;height: 37px\">2<\/td>\n<td style=\"width: 45px;height: 37px\">Sim<\/td>\n<td style=\"width: 45px;height: 37px\">N\u00e3o<\/td>\n<td style=\"width: 96px;height: 37px\">Art. 99 \u2013 Res. 5\/2010<\/td>\n<td style=\"width: 74px;height: 37px\">Individual<\/td>\n<\/tr>\n<tr style=\"height: 19px\">\n<td style=\"width: 260px;height: 19px\">Conselho do Programa de\u00a0 \u00a0 \u00a0P\u00f3s-gradua\u00e7\u00e3o em Engenharia El\u00e9trica\u00a0 \u00a0 PPGEE<\/td>\n<td style=\"width: 37px;height: 19px\">1<\/td>\n<td style=\"width: 56px;height: 19px\"><\/td>\n<td style=\"width: 45px;height: 19px\"><\/td>\n<td style=\"width: 45px;height: 19px\"><\/td>\n<td style=\"width: 96px;height: 19px\"><\/td>\n<td style=\"width: 74px;height: 19px\">Individual<\/td>\n<\/tr>\n<tr style=\"height: 61px\">\n<td style=\"width: 260px;height: 61px\">Conselho do Programa de\u00a0 \u00a0 \u00a0P\u00f3s-gradua\u00e7\u00e3o em Engenharia de\u00a0 \u00a0 \u00a0 \u00a0 \u00a0 \u00a0Software PPGES<\/td>\n<td style=\"width: 37px;height: 61px\">1<\/td>\n<td style=\"width: 56px;height: 61px\"><\/td>\n<td style=\"width: 45px;height: 61px\"><\/td>\n<td style=\"width: 45px;height: 61px\"><\/td>\n<td style=\"width: 96px;height: 61px\"><\/td>\n<td style=\"width: 74px;height: 61px\">Individual<\/td>\n<\/tr>\n<tr style=\"height: 61px\">\n<td style=\"width: 260px;height: 61px\">Conselho do Programa de\u00a0 \u00a0 \u00a0P\u00f3s-gradua\u00e7\u00e3o em Engenharia PPEng<\/td>\n<td style=\"width: 37px;height: 61px\">1<\/td>\n<td style=\"width: 56px;height: 61px\"><\/td>\n<td style=\"width: 45px;height: 61px\"><\/td>\n<td style=\"width: 45px;height: 61px\"><\/td>\n<td style=\"width: 96px;height: 61px\"><\/td>\n<td style=\"width: 74px;height: 61px\">Individual<\/td>\n<\/tr>\n<tr style=\"height: 19px\">\n<td style=\"width: 715px;height: 19px\" colspan=\"7\">DOCENTES<\/td>\n<\/tr>\n<tr style=\"height: 55px\">\n<td style=\"width: 260px;height: 55px\">Conselho\/Comiss\u00e3o\/Comit\u00ea\/Coordena\u00e7\u00e3o<\/td>\n<td style=\"width: 37px;height: 55px\">Vagas<\/td>\n<td style=\"width: 56px;height: 55px\">Mandato em ano(s)<\/td>\n<td style=\"width: 45px;height: 55px\">Elei\u00e7\u00e3o em ano par?<\/td>\n<td style=\"width: 45px;height: 55px\">Elei\u00e7\u00e3o em ano \u00edmpar?<\/td>\n<td style=\"width: 96px;height: 55px\">Fonte\u00a0\u00a0\u00a0\u00a0\u00a0\u00a0\u00a0\u00a0\u00a0\u00a0\u00a0\u00a0\u00a0\u00a0\u00a0\u00a0\u00a0\u00a0\u00a0\u00a0\u00a0\u00a0 (Artigo &#8211; Resolu\u00e7\u00e3o)<\/td>\n<td style=\"width: 74px;height: 55px\">Tipo de candidatura<\/td>\n<\/tr>\n<tr style=\"height: 37px\">\n<td style=\"width: 260px;height: 37px\">Conselho do Campus<\/td>\n<td style=\"width: 37px;height: 37px\">2<\/td>\n<td style=\"width: 56px;height: 37px\">1<\/td>\n<td style=\"width: 45px;height: 37px\">Sim<\/td>\n<td style=\"width: 45px;height: 37px\">Sim<\/td>\n<td style=\"width: 96px;height: 37px\">Art. 68 \u2013 Res. 5\/2010<\/td>\n<td style=\"width: 74px;height: 37px\">Individual<\/td>\n<\/tr>\n<tr style=\"height: 37px\">\n<td style=\"width: 260px;height: 37px\">Comiss\u00e3o Local de Ensino (CLE)<\/td>\n<td style=\"width: 37px;height: 37px\">1<\/td>\n<td style=\"width: 56px;height: 37px\">2<\/td>\n<td style=\"width: 45px;height: 37px\">Sim<\/td>\n<td style=\"width: 45px;height: 37px\">N\u00e3o<\/td>\n<td style=\"width: 96px;height: 37px\">Art. 85 \u2013 Res. 5\/2010<\/td>\n<td style=\"width: 74px;height: 37px\">Individual<\/td>\n<\/tr>\n<tr style=\"height: 37px\">\n<td style=\"width: 260px;height: 37px\">Comiss\u00e3o Local de Pesquisa (CLP)<\/td>\n<td style=\"width: 37px;height: 37px\">3<\/td>\n<td style=\"width: 56px;height: 37px\">2<\/td>\n<td style=\"width: 45px;height: 37px\">Sim<\/td>\n<td style=\"width: 45px;height: 37px\">N\u00e3o<\/td>\n<td style=\"width: 96px;height: 37px\">Art. 90 \u2013 Res. 5\/2010<\/td>\n<td style=\"width: 74px;height: 37px\">Individual<\/td>\n<\/tr>\n<tr style=\"height: 37px\">\n<td style=\"width: 260px;height: 37px\">Comiss\u00e3o Local de Extens\u00e3o (CLExt)<\/td>\n<td style=\"width: 37px;height: 37px\">3<\/td>\n<td style=\"width: 56px;height: 37px\">2<\/td>\n<td style=\"width: 45px;height: 37px\">Sim<\/td>\n<td style=\"width: 45px;height: 37px\">N\u00e3o<\/td>\n<td style=\"width: 96px;height: 37px\">Art. 95 \u2013 Res. 5\/2010<\/td>\n<td style=\"width: 74px;height: 37px\">Individual<\/td>\n<\/tr>\n<tr style=\"height: 61px\">\n<td style=\"width: 260px;height: 61px\">Coordena\u00e7\u00e3o de Curso &#8211; Ci\u00eancia da Computa\u00e7\u00e3o<\/td>\n<td style=\"width: 37px;text-align: center;height: 61px\">1<\/td>\n<td style=\"width: 56px;height: 61px\">2<\/td>\n<td style=\"width: 45px;height: 61px\">Sim<\/td>\n<td style=\"width: 45px;height: 61px\">N\u00e3o<\/td>\n<td style=\"width: 96px;height: 61px\">Art. 103 \u2013 Res. 5\/2010<\/td>\n<td style=\"width: 74px;height: 61px\">Chapa<\/td>\n<\/tr>\n<tr style=\"height: 37px\">\n<td style=\"width: 260px;height: 37px\">Coordena\u00e7\u00e3o de Curso &#8211; Eng. Agr\u00edcola<\/td>\n<td style=\"width: 37px;height: 37px\">1<\/td>\n<td style=\"width: 56px;height: 37px\">2<\/td>\n<td style=\"width: 45px;height: 37px\">Sim<\/td>\n<td style=\"width: 45px;height: 37px\">N\u00e3o<\/td>\n<td style=\"width: 96px;height: 37px\">Art. 103 \u2013 Res. 5\/2011<\/td>\n<td style=\"width: 74px;height: 37px\">Chapa<\/td>\n<\/tr>\n<tr style=\"height: 37px\">\n<td style=\"width: 260px;height: 37px\">Coordena\u00e7\u00e3o de Curso &#8211; Eng. Civil<\/td>\n<td style=\"width: 37px;height: 37px\">1<\/td>\n<td style=\"width: 56px;height: 37px\">2<\/td>\n<td style=\"width: 45px;height: 37px\">Sim<\/td>\n<td style=\"width: 45px;height: 37px\">N\u00e3o<\/td>\n<td style=\"width: 96px;height: 37px\">Art. 103 \u2013 Res. 5\/2012<\/td>\n<td style=\"width: 74px;height: 37px\">Chapa<\/td>\n<\/tr>\n<tr style=\"height: 37px\">\n<td style=\"width: 260px;height: 37px\">Coordena\u00e7\u00e3o de Curso &#8211; Eng. El\u00e9trica<\/td>\n<td style=\"width: 37px;height: 37px\">1<\/td>\n<td style=\"width: 56px;height: 37px\">2<\/td>\n<td style=\"width: 45px;height: 37px\">Sim<\/td>\n<td style=\"width: 45px;height: 37px\">N\u00e3o<\/td>\n<td style=\"width: 96px;height: 37px\">Art. 103 \u2013 Res. 5\/2013<\/td>\n<td style=\"width: 74px;height: 37px\">Chapa<\/td>\n<\/tr>\n<tr style=\"height: 37px\">\n<td style=\"width: 260px;height: 37px\">Coordena\u00e7\u00e3o de Curso &#8211; Eng. Mec\u00e2nica<\/td>\n<td style=\"width: 37px;height: 37px\">1<\/td>\n<td style=\"width: 56px;height: 37px\">2<\/td>\n<td style=\"width: 45px;height: 37px\">Sim<\/td>\n<td style=\"width: 45px;height: 37px\">N\u00e3o<\/td>\n<td style=\"width: 96px;height: 37px\">Art. 103 \u2013 Res. 5\/2014<\/td>\n<td style=\"width: 74px;height: 37px\">Chapa<\/td>\n<\/tr>\n<tr style=\"height: 37px\">\n<td style=\"width: 260px;height: 37px\">Coordena\u00e7\u00e3o de Curso &#8211; Eng. de\u00a0 \u00a0 Software<\/td>\n<td style=\"width: 37px;height: 37px\">1<\/td>\n<td style=\"width: 56px;height: 37px\">2<\/td>\n<td style=\"width: 45px;height: 37px\">Sim<\/td>\n<td style=\"width: 45px;height: 37px\">N\u00e3o<\/td>\n<td style=\"width: 96px;height: 37px\">Art. 103 \u2013 Res. 5\/2015<\/td>\n<td style=\"width: 74px;height: 37px\">Chapa<\/td>\n<\/tr>\n<tr style=\"height: 37px\">\n<td style=\"width: 260px;height: 37px\">Coordena\u00e7\u00e3o de Curso &#8211; Eng. de Telecomunica\u00e7\u00f5es<\/td>\n<td style=\"width: 37px;height: 37px\">1<\/td>\n<td style=\"width: 56px;height: 37px\">2<\/td>\n<td style=\"width: 45px;height: 37px\">Sim<\/td>\n<td style=\"width: 45px;height: 37px\">N\u00e3o<\/td>\n<td style=\"width: 96px;height: 37px\">Art. 103 \u2013 Res. 5\/2016<\/td>\n<td style=\"width: 74px;height: 37px\">Chapa<\/td>\n<\/tr>\n<\/tbody>\n<\/table>\n","protected":false},"excerpt":{"rendered":"<p>DISCENTES Conselho\/Comiss\u00e3o\/Comit\u00ea Vagas Mandato em ano(s) Elei\u00e7\u00e3o em ano par? Elei\u00e7\u00e3o em ano \u00edmpar? Fonte\u00a0\u00a0\u00a0\u00a0\u00a0\u00a0\u00a0\u00a0\u00a0\u00a0\u00a0\u00a0\u00a0\u00a0\u00a0\u00a0\u00a0\u00a0\u00a0\u00a0\u00a0\u00a0 (Artigo &#8211; Resolu\u00e7\u00e3o) Tipo de candidatura Conselho do Campus 2 1 Sim Sim Art. 68 \u2013 Res. 5\/2010 Individual Comiss\u00e3o Local de Ensino (CLE) 1 1 Sim Sim Art. 85 \u2013 Res. 5\/2010 Individual Comiss\u00e3o Local de Pesquisa (CLP) 1 &hellip; <a href=\"https:\/\/sites.unipampa.edu.br\/celalegrete\/?page_id=63\" class=\"more-link\">Continue lendo <span class=\"screen-reader-text\">Cargos &amp; Elei\u00e7\u00f5es<\/span> <span class=\"meta-nav\">&rarr;<\/span><\/a><\/p>\n","protected":false},"author":172,"featured_media":0,"parent":0,"menu_order":0,"comment_status":"closed","ping_status":"closed","template":"","meta":[],"_links":{"self":[{"href":"https:\/\/sites.unipampa.edu.br\/celalegrete\/index.php?rest_route=\/wp\/v2\/pages\/63"}],"collection":[{"href":"https:\/\/sites.unipampa.edu.br\/celalegrete\/index.php?rest_route=\/wp\/v2\/pages"}],"about":[{"href":"https:\/\/sites.unipampa.edu.br\/celalegrete\/index.php?rest_route=\/wp\/v2\/types\/page"}],"author":[{"embeddable":true,"href":"https:\/\/sites.unipampa.edu.br\/celalegrete\/index.php?rest_route=\/wp\/v2\/users\/172"}],"replies":[{"embeddable":true,"href":"https:\/\/sites.unipampa.edu.br\/celalegrete\/index.php?rest_route=%2Fwp%2Fv2%2Fcomments&post=63"}],"version-history":[{"count":15,"href":"https:\/\/sites.unipampa.edu.br\/celalegrete\/index.php?rest_route=\/wp\/v2\/pages\/63\/revisions"}],"predecessor-version":[{"id":152,"href":"https:\/\/sites.unipampa.edu.br\/celalegrete\/index.php?rest_route=\/wp\/v2\/pages\/63\/revisions\/152"}],"wp:attachment":[{"href":"https:\/\/sites.unipampa.edu.br\/celalegrete\/index.php?rest_route=%2Fwp%2Fv2%2Fmedia&parent=63"}],"curies":[{"name":"wp","href":"https:\/\/api.w.org\/{rel}","templated":true}]}}